-3*q + 8 = q. Suppose -18 = -4*d - 2*s, -2*s = q*d - 6*d + 30. What is the units digit of d?
6
Let i(l) = -7*l**3 + l**2 + 2*l. Let t be i(2). Let j = -25 - t. What is the tens digit of j?
2
Suppose -z - 5 + 4 = 0. Let c = z + 34. What is the tens digit of c?
3
Let v = 119 - 110. What is the units digit of v?
9
Let v be (-2)/((-1)/(-2)*4). Let m be (v + 3)/((-2)/(-8)). Let l(x) = x**2 - 7*x - 6. What is the units digit of l(m)?
2
Let w(x) = x**3 - 5*x**2 + 2. What is the hundreds digit of w(7)?
1
Suppose 4*c - 10 = 26. What is the units digit of c?
9
Let j = -4 + 8. Suppose -k = j*k - 60. What is the units digit of 1/4 - (-9)/k?
1
Let d(x) = x**2 - 2*x + 4. Let u = -12 + 9. What is the units digit of d(u)?
9
Let n be (-317)/(-7) + (-2)/7. Suppose -5*v = -0*v - 15. Suppose 0 = -2*g - v*g + n. What is the units digit of g?
9
Let o = 9 + -6. Suppose o*f = -4*v - 9, 0*v + 12 = -3*v + 3*f. What is the units digit of ((-3)/1 - v) + 2?
2
Let a be 12/8*(-64)/(-12). Suppose -y = -a - 20. What is the units digit of y?
8
Suppose 4*q - x - 28 = 161, -4*x = -4*q + 204. What is the tens digit of q?
4
Suppose 7*k = 2*k + 25. Suppose -4 = 4*l - 0. Let h = k - l. What is the units digit of h?
6
Suppose -4*d = -9*d + 10. What is the units digit of d/(5/2 + -2)?
4
Let f = 82 + 57. What is the units digit of f?
9
Suppose 4*d = 5*d - 2, -4*d = -2*u. Let j = u + -2. Suppose -3*b + 19 = -j*n + 3*n, 4*b + 114 = 5*n. What is the tens digit of n?
2
Suppose 26*c - 31*c = -155. What is the tens digit of c?
3
Let m(h) = -h**2 - 7*h + 7. Let o(c) = c**3 - 4*c**2 - 3*c + 6. Let k be o(4). What is the units digit of m(k)?
3
Let v be 6*(-1 + (-2 - -4)). Suppose -2*q + v + 10 = 0. What is the units digit of q?
8
Let s be (-4 + 5)*(-3 + -1). Let d(g) = g**2 - 3*g - 3. Let z be d(5). Let a = z + s. What is the units digit of a?
3
Let q(g) = g + 4. Let s be q(-2). Suppose s*k - 58 = -4*y, -y + 4*k + k + 9 = 0. What is the tens digit of y?
1
Suppose -2 - 18 = -2*j. Let z = 9 + j. What is the tens digit of z?
1
Suppose 0 = -s + 5*s - 8. Suppose s*p - 6*p = -148. What is the units digit of p?
7
Let v = -413 + 774. What is the hundreds digit of v?
3
Let a be 2 + (1 + 2 - -1). Suppose m = a - 0. What is the units digit of m?
6
Let u be -2 + 3 - (1 + -57). Let o = u + -36. What is the tens digit of o?
2
Let u be -1*2 - (6 - 40). Suppose -u = -2*z + 2. What is the units digit of z?
7
Let r(d) = -3*d**3 - 6*d**2 - 2*d. What is the tens digit of r(-4)?
0
Let m(g) = -g**2 - 9*g - 2. Let a be m(-7). Let i = a + 0. What is the units digit of i?
2
Let v(w) = -2*w. Let a(s) = -s + 1. Let l be a(5). What is the units digit of v(l)?
8
Suppose -2*l = 36 - 10. Suppose -2*j = -5*j - 54. Let y = l - j. What is the units digit of y?
5
Let j(x) = -10*x - 10. Let i(d) = -119*d - 119. Let b(u) = 3*i(u) - 35*j(u). What is the tens digit of b(-3)?
1
What is the tens digit of 22*(0 - 0 - (-2 - -1))?
2
Let k = 1222 + -864. What is the units digit of k?
8
Suppose 0 = -2*r + 2*y + 72, y - 4 + 3 = 0. What is the tens digit of r?
3
Let n(m) = m**3 + 10*m**2 + 6*m - 12. Let c be n(-9). Suppose 5*w = -c, -w + 4*w = t - 23. What is the tens digit of t?
1
Suppose -945 = -11*m + 4*m. What is the tens digit of m?
3
Let g(n) = -n - 9. Let k be g(-8). Let w = 15 - 7. Let t = w + k. What is the units digit of t?
7
Let l(t) = 12*t - 3. What is the tens digit of l(3)?
3
Suppose -9 = -3*j, -3*g + 2*g + 2*j = -20. What is the tens digit of g?
2
Let s be 30*(14/4)/7. Suppose p + 4*p - s = 0. What is the units digit of p?
3
Suppose -8*a + 32 - 16 = 0. What is the units digit of a?
2
Suppose 11*f + 476 = 13*f. What is the units digit of f?
8
Suppose 2*h = 4*q + 202, -2*h + h + 4*q + 99 = 0. What is the tens digit of h?
0
Suppose -6*n + 2*n + 8 = 0, -3*v + 137 = -2*n. What is the tens digit of v?
4
Let s be 2/(-10) - 66/(-30). Suppose 3*r + s*y = -1, -4*r - r + 35 = -4*y. What is the units digit of r?
3
Suppose 0 = -2*s + 15 - 1. Suppose 0 = 2*f - 10, -2*b + 3 = -4*f + s. What is the units digit of b?
8
Suppose -3*g - 3*o + 291 = 0, -4*o = 2*g - 22 - 178. What is the units digit of g?
4
Let i = 4 - 2. Let f(v) = 4 + 2*v - 3*v**3 + 7*v + i*v**3 - 9*v**2. What is the units digit of f(-10)?
4
Let p(m) = 14*m + 1. Let q be p(1). Suppose 4*t - t = -q. Let d(z) = -z**3 - 4*z**2 + 5*z + 4. What is the units digit of d(t)?
4
What is the tens digit of 27 - ((-3)/(-2))/((-30)/80)?
3
Let y = -1 - 8. Let g(n) = -n**3 - 10*n**2 - 9*n + 4. What is the units digit of g(y)?
4
Suppose 3*a - 870 = 3*f, 6*a = a - 2*f + 1422. What is the units digit of a?
6
Suppose 0 = -2*s + y + 47, -4*y - 50 = -3*s + 28. What is the units digit of s?
2
Let h = -141 - -315. What is the units digit of h?
4
Let i(z) = z**3 + 18*z**2 + 18*z + 23. Let l be i(-17). Let b(f) = 8*f. What is the tens digit of b(l)?
4
Let w(q) = -q**2 + 2*q. Let f be (4/1)/(-2 + 3). Suppose j + 0*j = f*y - 4, -3*y + 3 = 3*j. What is the units digit of w(y)?
1
Let r = 7 - -3. Let k = -4 - -6. Suppose t - k*t + 2*w = -8, -5*t = 5*w - r. What is the units digit of t?
4
Let x(p) = -3*p + 3. Let a be x(3). Let s(u) be the second derivative of u**3/6 + 7*u**2/2 + 2*u. What is the units digit of s(a)?
1
Suppose 5*c = -0*c + 20. What is the units digit of 2*(c + -3 + 3)?
8
Let j be ((-889)/28)/((-1)/4). Suppose s - 4*m - j = -2*s, -s + m = -41. What is the units digit of s?
7
Let a(y) be the second derivative of y**4/12 - y**3/6 + 15*y**2 + 3*y. Let c be a(0). Suppose -3 + c = 3*p. What is the units digit of p?
9
Let n be 218/(-12) + 2/12. Let o be (-12)/(-1)*12/n. Let j = 15 + o. What is the units digit of j?
7
Let w = -1 + 9. What is the units digit of w?
8
Let b = -1 + -1. What is the tens digit of (-6)/(-8)*(14 - b)?
1
Let p(u) = -u**3 + u + 1. Let v be p(-2). Suppose -4*j - 14 = -5*i, 5*i - v = 3*i + 3*j. What is the units digit of (-1 + 5)*(3 - i)?
4
Suppose -p - 3*f - 2*f + 20 = 0, -f = -p - 4. Suppose 87 = -p*w + 3*w. What is the tens digit of w?
2
Let l(m) = -m + 3. Let d be l(-11). Let z = -12 + d. What is the units digit of z?
2
Let f = 68 - 24. What is the units digit of f?
4
Let l(r) = 14*r**2 + r. Let z be l(-1). Suppose -3*w + 2 = 2*b - z, 21 = 2*b - 3*w. What is the units digit of b?
9
Suppose -2*d + 7 - 5 = 0. Let o be -1 + 7 + (0 - 1). Suppose -d = 4*f - o. What is the units digit of f?
1
Let l = -34 + 54. What is the units digit of l?
0
Let t be (-2)/5 - 27/(-5). Suppose 3*f - 2 = 4. Suppose t*j - 28 = f. What is the units digit of j?
6
Suppose -8*p + 439 = -257. What is the units digit of p?
7
Let z = 43 - 31. What is the tens digit of 79/3 - 4/z?
2
Suppose 2*t = t. Suppose t = 3*a - 6*a + 33. What is the units digit of a?
1
Let p be (-14)/18 - 4/18. Let g(n) = 17*n**2 + 1. Let w be g(p). Suppose -w = -2*h - 0. What is the units digit of h?
9
Let g(j) be the first derivative of j**4/4 + 4*j**3/3 - 3*j**2/2 - 3*j + 3. What is the units digit of g(-3)?
5
What is the units digit of (-337)/(-6) + 2/(-12)?
6
Suppose 0 = -3*w + 310 + 8. What is the hundreds digit of w?
1
Let m(t) be the third derivative of -t**4/8 + t**3/2 + t**2. What is the tens digit of m(-3)?
1
Let n(m) = -m**2 - 2*m + 8. Let s be n(-6). Let f = -8 - s. Suppose -4 = v - f. What is the units digit of v?
4
Let f be (-24)/(-3)*(1 + 0). What is the units digit of (-3)/4 + 62/f?
7
Suppose m = -w + 9, -30 = -m - 3*m - 2*w. Suppose 0*a - a + m = 0. Suppose 4*j - j - a = 0. What is the units digit of j?
2
Let k be (168/32)/((-3)/(-20)). Let m = k + 12. What is the units digit of m?
7
Let t(v) = v**3 + 6*v**2 - 4*v - 7. Suppose 0 = -4*c + 3*c - 6. What is the tens digit of t(c)?
1
Let v = -77 + 164. What is the tens digit of v?
8
Suppose -3*x = 2*x + 5*v - 385, -5*x + 395 = 3*v. What is the units digit of x?
2
Let t(w) = w**2 - 2*w - 8. What is the tens digit of t(-5)?
2
Suppose 49 = -5*t + 184. What is the units digit of t?
7
Let k(o) = o**3 + o**2 + o + 2. Let i be k(-2). Let j = 5 + i. What is the units digit of (j/2)/((-2)/(-24))?
6
What is the hundreds digit of (1 - 2) + 222 - (-7 - -10)?
2
Let k = -2 - -5. What is the units digit of 69/6*(-1 + k)?
3
Let s be (-6)/27 + 146/9. Let x = s + -7. What is the units digit of x?
9
Let n be (0 - 1) + (61 - 7). Let v = -37 + n. What is the units digit of v?
6
Suppose 3*m